{"id":2334,"date":"2026-03-22T12:59:34","date_gmt":"2026-03-22T12:59:34","guid":{"rendered":"https:\/\/haciaelfin.cl\/?page_id=2334"},"modified":"2026-03-23T21:29:34","modified_gmt":"2026-03-23T21:29:34","slug":"de-emergencias","status":"publish","type":"page","link":"https:\/\/haciaelfin.cl\/?page_id=2334","title":{"rendered":"De Emergencia(s)"},"content":{"rendered":"\n<blockquote class=\"wp-block-quote is-layout-flow wp-block-quote-is-layout-flow\">\n<p>Algunas ideas al margen y desordenadas<\/p>\n<\/blockquote>\n\n\n\n<h2 class=\"wp-block-heading has-text-align-center\"><strong>I<\/strong><\/h2>\n\n\n\n<p>La constante repetici\u00f3n de un gobierno de \u201cemergencia\u201d interroga en lo inmediato. \u00bfQuien determina la emergencia? \u00bfEmergencia de que?<\/p>\n\n\n\n<p>Una peque\u00f1a respuesta la obtenemos con la \u201ceconom\u00eda\u201d.&nbsp; No manejamos sus n\u00fameros presupuestarios, no sabemos siquiera si son reales. \u00bfPero recordamos el \u201cchile se cae a pedazos\u201d? Emergencia econ\u00f3mica, emergencia por la delincuencia, cat\u00e1strofe fiscal, se robaron todo. \u201cNo hay plata\u201d.<\/p>\n\n\n\n<h2 class=\"wp-block-heading has-text-align-center\"><strong>II<\/strong>&nbsp;<\/h2>\n\n\n\n<p>\u00bfEmergencia de que?. \u201c<em>Tu tratamiento en el COSAN ya no puede ser costeado pues la emergencia econ\u00f3mica nos hace recortar gastos. La emergencia en seguridad requiere mas dinero en c\u00e1maras\u201d<\/em><\/p>\n\n\n\n<p>La verdadera emergencia es que el miedo se pierda y aflore el malestar. \u00bfY que ocurrir\u00eda ah\u00ed?<\/p>\n\n\n\n<h2 class=\"wp-block-heading has-text-align-center\"><strong>III<\/strong><\/h2>\n\n\n\n<p>La narrativa del capitalismo espectacular este \u00faltimo a\u00f1o ha sido impecable: muerte y mas muerte. De torsos en sitios eriazos, al mas estilo de un capitalismo gore, a una sensaci\u00f3n de inseguridad brutal que comienza con el matinal en una sincron\u00eda entre la programaci\u00f3n televisiva y los r\u00e1pidos mordiscos para tragar el desayuno. La vida parece que fuese relatada como un \u201cthe Truman show\u201d. Pero ese es apenas el lado simpatico de la emergencia.<\/p>\n\n\n\n<h2 class=\"wp-block-heading has-text-align-center\"><strong>IV<\/strong><\/h2>\n\n\n\n<p><\/p>\n\n\n\n<p>La emergencia pareciera tener otra cara que es sin\u00f3nimo de \u00abmovilizaci\u00f3n \u00ab. Esto se hace notar cuando el poder, desde sus tribunas mediaticas, anuncia la aplicacion de medidas \u00abpoco populares\u00bb; apelando a una logica sacrificial de la emergencia que va de la mano con las \u00abamenazas\u00bb de estallidos, protestas y demases. Es mas un monologo donde se advierte la posibilidad de un \u00abmalestar\u00bb pero, de inmediato, se cierra la puerta a que este seria comandado desde las sombras por el gobierno saliente y una oscura izquierda radical<\/p>\n\n\n\n<h2 class=\"wp-block-heading has-text-align-center\">V<\/h2>\n\n\n\n<p> En este contexto de emergencia, con una posibilidad de conflictividad, pareciera que el decreto de excepci\u00f3n de EMERGENCIA es el hermano jur\u00eddico del discurso&nbsp;<\/p>\n\n\n\n<h2 class=\"wp-block-heading has-text-align-center\"><strong>&nbsp;VI<\/strong><\/h2>\n\n\n\n<p>Nuevamente. \u00bfQui\u00e9n determina la emergencia?<\/p>\n\n\n\n<p>La Emergencia para poder ir un poco m\u00e1s all\u00e1 de lo discursivo y pasar a lo constitucional. La distancia entre ambas es imperceptible.<\/p>\n\n\n\n<p>El presidente posee la facultad \u00fanica de decidir la excepci\u00f3n si considera que se esta ante una situacion de emergencia.<\/p>\n\n\n\n<p>Es decir, de decir cuando la seguridad de la naci\u00f3n, la institucionalidad; se ver\u00eda afectada, raz\u00f3n por la cual dispone de la suspensi\u00f3n de ciertos derechos fundamentales. Si no tenemos mala memoria, es lo que ocurri\u00f3 el 18 de octubre del 2019.<\/p>\n\n\n\n<h2 class=\"wp-block-heading has-text-align-center\"><strong>VII<\/strong><\/h2>\n\n\n\n<p>Era la emergencia ante un Estado que peligraba su institucionalidad. Tal como en otras latitudes, la emergencia o inseguridad permite declarar los estados de excepcion. \u00bfPara que?. Es bastante claro que medidas impopulares podrian poner en \u00abalerta\u00bb la ya olvidada estructura critica y demases pelotudeces.<\/p>\n\n\n\n<p>Para el filosofo italiano Giorgio Agamben, el estado de excepci\u00f3n nos reduce a \u201cnuda vida\u201d, una vida desnuda que puede ser comprendida como una vida sin derechos y sin valor, meramente biol\u00f3gica. Pero tambi\u00e9n el poder fabrica esta vida, lo cual en el territorio dominado por el estado de chile se ha producido como \u201cel comunista\u201d, \u201cel delincuente\u201d, etc; toda la gama de adjetivos para vidas que no son reconocidas como tales. Esas vidas quedan en bando, a-bandonadas. \u00bfO es que acaso no fue lo que ocurri\u00f3 cuando las tardes de plaza dignidad los manifestantes deb\u00edan cubrir sus rostros pues el Estado no ve\u00eda valor en esas vidas hasta el punto de llevar a cabo una pol\u00edtica sistem\u00e1tica de mutilaci\u00f3n?<\/p>\n","protected":false},"excerpt":{"rendered":"<p>Algunas ideas al margen y desordenadas I La constante repetici\u00f3n de un gobierno de \u201cemergencia\u201d interroga en lo inmediato. \u00bfQuien determina la emergencia? \u00bfEmergencia de que? Una peque\u00f1a respuesta la obtenemos con la \u201ceconom\u00eda\u201d.&nbsp; No manejamos sus n\u00fameros presupuestarios, no sabemos siquiera si son reales. \u00bfPero recordamos el \u201cchile se cae a pedazos\u201d? Emergencia econ\u00f3mica, [&hellip;]<\/p>\n","protected":false},"author":1,"featured_media":0,"parent":0,"menu_order":0,"comment_status":"closed","ping_status":"closed","template":"","meta":{"footnotes":""},"class_list":["post-2334","page","type-page","status-publish","hentry"],"_links":{"self":[{"href":"https:\/\/haciaelfin.cl\/index.php?rest_route=\/wp\/v2\/pages\/2334","targetHints":{"allow":["GET"]}}],"collection":[{"href":"https:\/\/haciaelfin.cl\/index.php?rest_route=\/wp\/v2\/pages"}],"about":[{"href":"https:\/\/haciaelfin.cl\/index.php?rest_route=\/wp\/v2\/types\/page"}],"author":[{"embeddable":true,"href":"https:\/\/haciaelfin.cl\/index.php?rest_route=\/wp\/v2\/users\/1"}],"replies":[{"embeddable":true,"href":"https:\/\/haciaelfin.cl\/index.php?rest_route=%2Fwp%2Fv2%2Fcomments&post=2334"}],"version-history":[{"count":5,"href":"https:\/\/haciaelfin.cl\/index.php?rest_route=\/wp\/v2\/pages\/2334\/revisions"}],"predecessor-version":[{"id":2346,"href":"https:\/\/haciaelfin.cl\/index.php?rest_route=\/wp\/v2\/pages\/2334\/revisions\/2346"}],"wp:attachment":[{"href":"https:\/\/haciaelfin.cl\/index.php?rest_route=%2Fwp%2Fv2%2Fmedia&parent=2334"}],"curies":[{"name":"wp","href":"https:\/\/api.w.org\/{rel}","templated":true}]}}

<blockquote class="wp-block-quote is-layout-flow wp-block-quote-is-layout-flow">
<p>Algunas ideas al margen y desordenadas</p>
</blockquote>



<h2 class="wp-block-heading has-text-align-center"><strong>I</strong></h2>



<p>La constante repetición de un gobierno de “emergencia” interroga en lo inmediato. ¿Quien determina la emergencia? ¿Emergencia de que?</p>



<p>Una pequeña respuesta la obtenemos con la “economía”.&nbsp; No manejamos sus números presupuestarios, no sabemos siquiera si son reales. ¿Pero recordamos el “chile se cae a pedazos”? Emergencia económica, emergencia por la delincuencia, catástrofe fiscal, se robaron todo. “No hay plata”.</p>



<h2 class="wp-block-heading has-text-align-center"><strong>II</strong>&nbsp;</h2>



<p>¿Emergencia de que?. “<em>Tu tratamiento en el COSAN ya no puede ser costeado pues la emergencia económica nos hace recortar gastos. La emergencia en seguridad requiere mas dinero en cámaras”</em></p>



<p>La verdadera emergencia es que el miedo se pierda y aflore el malestar. ¿Y que ocurriría ahí?</p>



<h2 class="wp-block-heading has-text-align-center"><strong>III</strong></h2>



<p>La narrativa del capitalismo espectacular este último año ha sido impecable: muerte y mas muerte. De torsos en sitios eriazos, al mas estilo de un capitalismo gore, a una sensación de inseguridad brutal que comienza con el matinal en una sincronía entre la programación televisiva y los rápidos mordiscos para tragar el desayuno. La vida parece que fuese relatada como un “the Truman show”. Pero ese es apenas el lado simpatico de la emergencia.</p>



<h2 class="wp-block-heading has-text-align-center"><strong>IV</strong></h2>



<p></p>



<p>La emergencia pareciera tener otra cara que es sinónimo de «movilización «. Esto se hace notar cuando el poder, desde sus tribunas mediaticas, anuncia la aplicacion de medidas «poco populares»; apelando a una logica sacrificial de la emergencia que va de la mano con las «amenazas» de estallidos, protestas y demases. Es mas un monologo donde se advierte la posibilidad de un «malestar» pero, de inmediato, se cierra la puerta a que este seria comandado desde las sombras por el gobierno saliente y una oscura izquierda radical</p>



<h2 class="wp-block-heading has-text-align-center">V</h2>



<p> En este contexto de emergencia, con una posibilidad de conflictividad, pareciera que el decreto de excepción de EMERGENCIA es el hermano jurídico del discurso&nbsp;</p>



<h2 class="wp-block-heading has-text-align-center"><strong>&nbsp;VI</strong></h2>



<p>Nuevamente. ¿Quién determina la emergencia?</p>



<p>La Emergencia para poder ir un poco más allá de lo discursivo y pasar a lo constitucional. La distancia entre ambas es imperceptible.</p>



<p>El presidente posee la facultad única de decidir la excepción si considera que se esta ante una situacion de emergencia.</p>



<p>Es decir, de decir cuando la seguridad de la nación, la institucionalidad; se vería afectada, razón por la cual dispone de la suspensión de ciertos derechos fundamentales. Si no tenemos mala memoria, es lo que ocurrió el 18 de octubre del 2019.</p>



<h2 class="wp-block-heading has-text-align-center"><strong>VII</strong></h2>



<p>Era la emergencia ante un Estado que peligraba su institucionalidad. Tal como en otras latitudes, la emergencia o inseguridad permite declarar los estados de excepcion. ¿Para que?. Es bastante claro que medidas impopulares podrian poner en «alerta» la ya olvidada estructura critica y demases pelotudeces.</p>



<p>Para el filosofo italiano Giorgio Agamben, el estado de excepción nos reduce a “nuda vida”, una vida desnuda que puede ser comprendida como una vida sin derechos y sin valor, meramente biológica. Pero también el poder fabrica esta vida, lo cual en el territorio dominado por el estado de chile se ha producido como “el comunista”, “el delincuente”, etc; toda la gama de adjetivos para vidas que no son reconocidas como tales. Esas vidas quedan en bando, a-bandonadas. ¿O es que acaso no fue lo que ocurrió cuando las tardes de plaza dignidad los manifestantes debían cubrir sus rostros pues el Estado no veía valor en esas vidas hasta el punto de llevar a cabo una política sistemática de mutilación?</p>

<p>Algunas ideas al margen y desordenadas I La constante repetición de un gobierno de “emergencia” interroga en lo inmediato. ¿Quien determina la emergencia? ¿Emergencia de que? Una pequeña respuesta la obtenemos con la “economía”.&nbsp; No manejamos sus números presupuestarios, no sabemos siquiera si son reales. ¿Pero recordamos el “chile se cae a pedazos”? Emergencia económica, [&hellip;]</p>
